e highest common factor of 21257 and 6467?
29
What is the greatest common factor of 1632 and 26214?
102
What is the highest common factor of 262 and 982762?
262
What is the highest common divisor of 1869624 and 18?
18
Calculate the highest common factor of 39 and 2457.
39
What is the greatest common factor of 61551 and 16191?
63
What is the greatest common divisor of 1573 and 660231?
143
Calculate the highest common divisor of 894 and 426.
6
What is the greatest common factor of 535 and 5099299?
107
Calculate the highest common factor of 135 and 5790.
15
What is the greatest common divisor of 450898 and 98?
98
Calculate the greatest common divisor of 52 and 26296.
4
Calculate the highest common factor of 36 and 205830.
18
What is the greatest common divisor of 3260928 and 1056?
1056
What is the greatest common divisor of 9884 and 1750?
14
Calculate the greatest common divisor of 1228 and 2459684.
1228
Calculate the highest common divisor of 56 and 24878.
14
Calculate the highest common divisor of 3355589 and 106.
53
What is the greatest common factor of 16 and 38288?
16
Calculate the greatest common factor of 5 and 37425.
5
Calculate the highest common divisor of 10197 and 451.
11
Calculate the highest common factor of 31 and 3737453.
31
What is the highest common divisor of 22151 and 3502?
17
What is the highest common divisor of 163436 and 518?
14
What is the greatest common factor of 142 and 298?
2
Calculate the greatest common factor of 2319 and 300697.
773
Calculate the greatest common divisor of 82023 and 19.
19
What is the highest common divisor of 2271698 and 3102?
1034
Calculate the highest common divisor of 614 and 149202.
614
Calculate the highest common factor of 159 and 11895.
3
What is the highest common factor of 4275 and 206150?
475
What is the greatest common divisor of 194 and 790162?
194
What is the highest common divisor of 180 and 612?
36
Calculate the highest common divisor of 868608 and 6448.
208
What is the highest common factor of 1329 and 3267?
3
What is the highest common divisor of 11590 and 152?
38
Calculate the highest common divisor of 209993 and 21526.
229
Calculate the greatest common divisor of 40284 and 8748.
108
What is the highest common factor of 64881 and 31833?
243
Calculate the greatest common factor of 4 and 23099.
1
What is the greatest common divisor of 1287 and 1144?
143
Calculate the greatest common divisor of 5 and 2868475.
5
What is the highest common divisor of 68970 and 484?
242
Calculate the highest common divisor of 484280 and 120.
40
What is the highest common divisor of 44 and 27428?
4
Calculate the greatest common divisor of 131131 and 91.
91
Calculate the highest common factor of 1796 and 3188.
4
Calculate the highest common divisor of 67583 and 38.
19
Calculate the greatest common factor of 36 and 5202.
18
Calculate the highest common divisor of 177 and 417189.
177
Calculate the highest common factor of 4672 and 5424.
16
What is the highest common divisor of 12931 and 268?
67
What is the greatest common divisor of 16059 and 636?
159
What is the greatest common divisor of 614644 and 2220?
148
Calculate the greatest common divisor of 96 and 7312.
16
Calculate the greatest common factor of 133696 and 256.
64
Calculate the greatest common divisor of 288 and 280368.
144
Calculate the highest common factor of 141016 and 8.
8
What is the greatest common factor of 8 and 4196?
4
Calculate the greatest common factor of 11830 and 10985.
845
What is the highest common divisor of 13098 and 11988?
222
What is the greatest common divisor of 10638 and 66586?
394
What is the greatest common factor of 68705 and 33215?
455
Calculate the greatest common divisor of 27794 and 78.
26
What is the greatest common factor of 3564 and 2628?
36
Calculate the greatest common divisor of 45509 and 646.
17
What is the highest common factor of 32522 and 101?
101
What is the greatest common divisor of 51309 and 15?
3
Calculate the greatest common divisor of 226770 and 30.
30
What is the greatest common factor of 9900 and 1023?
33
Calculate the greatest common divisor of 7476 and 168.
84
What is the greatest common factor of 789788 and 329?
47
What is the greatest common factor of 148 and 104044?
148
Calculate the greatest common divisor of 1242 and 1069983.
621
What is the highest common factor of 157510 and 30?
10
What is the greatest common factor of 23 and 243041?
23
Calculate the greatest common factor of 568227 and 11.
11
What is the highest common factor of 656 and 4432?
16
Calculate the highest common divisor of 4333 and 897550.
619
Calculate the highest common factor of 1135 and 21792.
227
Calculate the highest common divisor of 8058 and 258567.
237
What is the highest common factor of 85 and 133685?
5
What is the greatest common divisor of 21538 and 16?
2
Calculate the greatest common factor of 459 and 24381.
27
What is the greatest common divisor of 11596 and 63332?
892
What is the highest common factor of 2197328 and 32?
16
What is the greatest common factor of 1797376 and 560?
112
What is the greatest common divisor of 60 and 20964?
12
Calculate the greatest common factor of 2 and 25318.
2
Calculate the highest common factor of 84771 and 144.
9
What is the highest common factor of 1330 and 9056635?
665
What is the greatest common divisor of 126100 and 5050?
50
Calculate the highest common divisor of 83984 and 7888.
464
What is the highest common divisor of 75 and 56550?
75
What is the greatest common factor of 17748 and 86904?
612
Calculate the highest common factor of 42468 and 2.
2
Calculate the highest common factor of 2469 and 96.
3
What is the highest common factor of 250 and 6?
2
Calculate the highest common factor of 9121 and 2144738.
1303
Calculate the greatest common factor of 5577 and 17193.
33
What is the greatest common divisor of 16157 and 4077?
151
Calculate the greatest common divisor of 154 and 17528.
14
What is the highest common factor of 63121 and 171904?
1343
What is the highest common factor of 38600 and 400?
200
Calculate the highest common factor of 605683 and 26.
13
Calculate the greatest common factor of 5376 and 460032.
768
Calculate the highest common divisor of 52 and 2158988.
52
Calculate the greatest common divisor of 99 and 55494.
9
What is the greatest common factor of 375096 and 12?
12
Calculate the greatest common divisor of 729715 and 140.
35
Calculate the greatest common divisor of 587 and 72201.
587
What is the highest common divisor of 7288 and 512?
8
What is the highest common factor of 60 and 200160?
60
Calculate the greatest common divisor of 150642 and 630.
18
Calculate the highest common divisor of 9108 and 305532.
828
Calculate the greatest common factor of 4836 and 3840.
12
Calculate the highest common divisor of 93517 and 136.
17
Calculate the highest common factor of 143211 and 6.
3
Calculate the greatest common divisor of 1917594 and 108.
54
What is the greatest common divisor of 15418 and 1105?
13
What is the greatest common factor of 7502 and 98978?
242
Calculate the highest common factor of 1993425 and 60.
15
Calculate the highest common divisor of 4195 and 65.
5
What is the highest common factor of 324 and 817857?
81
Calculate the highest common factor of 33525 and 120.
15
Calculate the highest common factor of 4929 and 120999.
159
Calculate the highest common factor of 342 and 19170.
18
Calculate the greatest common divisor of 15265 and 35855.
355
Calculate the greatest common factor of 18216 and 186120.
792
Calculate the greatest common factor of 9 and 85.
1
What is the greatest common divisor of 8368 and 48?
16
Calculate the highest common factor of 79 and 10349.
79
Calculate the greatest common factor of 17 and 369478.
17
Calculate the greatest common factor of 14421 and 30723.
627
Calculate the highest common divisor of 2002 and 108262.
154
What is the greatest common divisor of 5459 and 265?
53
What is the greatest common factor of 2548 and 107588?
52
Calculate the highest common factor of 535 and 26230.
5
What is the greatest common divisor of 32 and 202976?
32
What is the greatest common divisor of 954 and 81514?
106
What is the greatest common divisor of 400 and 2525?
25
What is the greatest common divisor of 18900 and 270?
270
Calculate the gre